 What is the units digit of w?
3
Suppose -2*q + 50 = 3*q. Suppose 3*u - 11 = q. What is the units digit of u?
7
Let i = -3 + 15. Let y be (-3)/(-18) - (-22)/i. Let x = 12 - y. What is the tens digit of x?
1
Suppose 3*z - 187 - 234 = -2*m, 4*m = -16. What is the units digit of z?
3
Let h be 328/11 - (-2)/11. Suppose -3*n + 2*v + 18 = 0, h = 3*n - 0*v + 2*v. What is the units digit of n?
8
Let m(r) = r**3 + r**2 + r + 5. Let p be m(0). Suppose -9 - 1 = -p*l. What is the units digit of l?
2
Let l(t) = 9*t**3 + 2*t**2 - 1. Let m be l(1). Suppose 2*q = -0*q + 56. Suppose 6 = p + 2*w - m, 2*p + 3*w = q. What is the units digit of p?
8
Let q(p) = p**3 - 7*p**2 - 13*p - 4. Let h be q(9). Let n = h - 16. What is the tens digit of n?
2
Suppose -8 + 4 = -u. Suppose u*i - 29 = 107. What is the units digit of i?
4
Let o = 12 + -7. Suppose -15 = -o*l, 4*l - 26 = -5*s + 101. What is the tens digit of s?
2
Let y(n) = 2 + n + 3*n**2 + n + n**3 + n. What is the units digit of y(-1)?
1
Let v(y) = y + 8. Suppose -2*z - 5 = t + 3, 2*z + 3*t = 0. Let k be v(z). Suppose 64 = -k*w + 6*w. What is the tens digit of w?
1
Suppose o = q - 0*q + 58, -240 = -4*o - 4*q. What is the units digit of o?
9
Let g(x) = -x + 4. What is the units digit of g(-4)?
8
Suppose -4*c = -8 - 0. What is the units digit of 32/(-12)*(-3)/c?
4
Let g(b) = -6 + b**2 + 5 + 5*b - 2*b - 2. What is the units digit of g(3)?
5
Let m(d) = -d**3 + 3*d**2 - 3*d + 3. Let w be m(3). Let t = -1 - w. What is the units digit of t?
5
Suppose -3*r - 12 = -4*r. Suppose 4*t - 46 = -v, 4*v - r = -5*t + 40. What is the tens digit of t?
1
Suppose 0 = 2*j - 7*j + 20. Suppose 4*z - 34 = -4*m + 22, -3*z + j*m + 35 = 0. What is the tens digit of z?
1
Let o(j) = -2*j**3 - 2*j - 4. What is the units digit of o(-2)?
6
Let r(u) = 5*u - 12. Let y be r(8). Let t = 45 - y. What is the tens digit of t?
1
Let p(a) = a**3 - a + 4. What is the tens digit of p(4)?
6
Let r be 3 - 1 - 0 - -4. Suppose 10 = -0*v + 5*v. Suppose v*a - r = a. What is the units digit of a?
6
Let w = 78 - -18. What is the tens digit of w?
9
Let r be 7 + ((-6)/(-3) - 0). Let y be (-6)/r + 4/(-3). What is the units digit of y - (-6 + 0 + 0)?
4
Let r = -363 + 549. What is the units digit of r?
6
Suppose 12 = -b + 48. What is the units digit of b?
6
Suppose 43 - 4 = -b. Let t = -11 - b. What is the tens digit of t?
2
Let z(r) = r**2 - 1. Let g be z(-1). Suppose g = -0*w + w - 3. What is the units digit of w?
3
Suppose 2 - 3 = 2*j - l, -3*l = 5*j + 19. Suppose 5*c = -4*r - 0*c - 2, 0 = 3*c + 6. What is the units digit of -5*(1 - r) + j?
3
Suppose -4*b = -0*b - 220. What is the units digit of b?
5
Let w be 0 - (0/3 - -7). Let y = 22 - 13. Let s = y + w. What is the units digit of s?
2
What is the tens digit of (5 - (0 + 0))*5?
2
Suppose 0*d + 38 = -2*h + d, 5*h = -d - 81. Let u = 10 + h. What is the units digit of 2/u - (-46)/14?
3
Let a(k) = -k**3 + 7*k**2 - k + 3. Let q = 11 - 5. What is the units digit of a(q)?
3
Let k(i) be the third derivative of -i**6/120 + i**5/15 - i**4/12 - i**3/3 + 2*i**2. Let s be k(2). Suppose -5 = -c - s. What is the units digit of c?
3
Suppose m = 78 + 156. What is the tens digit of m?
3
Let r = -27 - -107. What is the tens digit of r?
8
Suppose -9*b + 2078 - 431 = 0. What is the hundreds digit of b?
1
Let c(y) = -7*y + 33. Let z(r) = -10*r + 49. Let u(p) = -7*c(p) + 5*z(p). Suppose -m + 4 = 2*n, -3*n = -3*m + 20 + 10. What is the units digit of u(m)?
6
Let c(n) = -3*n**3 - n**2 + 1. Suppose 2*y + 5 = 3. What is the units digit of c(y)?
3
Suppose -f = -33 - 17. What is the tens digit of f?
5
Suppose -460 = 2*m - 7*m. Suppose b - 5*b = -m. What is the units digit of b?
3
What is the units digit of ((-104)/65)/((-4)/10)?
4
What is the tens digit of (2/(-6))/(8/(-9432))?
9
Suppose 0 = 2*q - 23 + 9. Suppose 0 = 4*l + 2*g - 104, -5*g + 111 - q = 4*l. What is the units digit of l?
6
What is the tens digit of (26 - (1 - 0))*(5 - 4)?
2
Let h(q) = 4*q**2 - 3*q + 2. Let p(m) = 21*m**2 - 16*m + 10. Let k(r) = 11*h(r) - 2*p(r). Suppose l - 15 = -13. What is the units digit of k(l)?
8
Let g(c) = 11*c - 6. What is the units digit of g(3)?
7
Let w(y) be the second derivative of -y**5/20 + 7*y**4/12 + y**3/6 + 4*y. Let a(j) = 2*j**2 - 3*j - 2. Let l be a(3). What is the units digit of w(l)?
7
Let d(j) = 5*j + 3. Let o(h) = -9*h - 6. Let r(w) = 11*d(w) + 6*o(w). What is the units digit of r(11)?
8
Let c be 0 - (1 + -2 - 0). Suppose v + 25 + c = 5*f, 4*v = f - 9. Let h = 3 - v. What is the units digit of h?
4
Let g(d) = 11*d**2 + 7*d - 16. What is the units digit of g(3)?
4
Suppose -g + 3*r = -9 - 25, 5*g + 2*r - 153 = 0. What is the tens digit of g?
3
What is the tens digit of (-20)/30 + 98/3?
3
Suppose 0 = -c - c. Suppose 6*t = -c*t + 96. What is the units digit of t?
6
Suppose -383 = -5*k - h + 783, -2*k + h + 472 = 0. What is the units digit of k?
4
Let d(w) = 22*w - 4. Let m be d(-5). Let x be 3/(-5) - m/15. Suppose r - x - 3 = 0. What is the tens digit of r?
1
Let h = 5 - 2. Suppose 5*a + 3*v + 2*v + 15 = 0, 5*a = 4*v + h. Let l(i) = 2*i**2 - i. What is the units digit of l(a)?
3
Suppose 3*c - 4*m - 107 = 0, -23 = 4*c - 5*c - 5*m. What is the tens digit of c?
3
Let l(x) = -2*x**3 + 3*x**2 - x + 2. Let q be l(2). Let u = q + 16. What is the units digit of u?
2
Let k(d) = -d**3 + d**2 + 2*d - 1. Let h be k(1). Suppose -4*p + h = 3*t - 22, 4*t - 30 = -5*p. What is the units digit of t?
5
Suppose 0 = -y - 2*y + 72. What is the tens digit of 160/(-12)*y/(-20)?
1
Let q = -8 + 18. Suppose 6*x + 4 = q*x. What is the units digit of x?
1
Let h = -1 - -3. Let d be 2/(-5)*(-100)/10. Let t = d + h. What is the units digit of t?
6
Let t = -9 - -6. Let s(z) be the first derivative of z**3/3 - 4*z - 1. What is the units digit of s(t)?
5
Suppose 7*i - 20 = 2*i + 4*w, 0 = 5*w + 25. Suppose 0 = z - 4*u - 26, -4*z + i*z = 5*u - 20. What is the tens digit of z?
1
Let c(t) = t**3 - 7*t**2 - 8*t + 2. Let g = 12 + -4. Let n be c(g). Suppose n*s + 4 = 3*s. What is the units digit of s?
4
Suppose -144 = -l - 5*l. Suppose -c = -5*c + l. What is the units digit of c?
6
Let g(u) = -u**2 + 5*u + 6. Let w be g(6). Suppose w*p = -p + 4. Suppose 0 = p*i + i - 45. What is the units digit of i?
9
Let s be -2 + 1 + -11 + -6. What is the tens digit of s/12*(-18 - 0)?
2
Suppose 3*f - 8*f + 3*n + 281 = 0, 4 = -2*n. What is the units digit of f?
5
What is the tens digit of ((-2)/8*5)/((-5)/1580)?
9
Let h(u) = u. Let w(v) = -2*v - 1. Let j be w(-1). Suppose -14 = -3*a + j. What is the units digit of h(a)?
5
Let u = 1 + 7. Let b(f) = 4*f**2 + 3*f - 2. Let h be b(-3). Suppose u*x - h = 3*x. What is the units digit of x?
5
Suppose -o - 10 = -2*o. What is the units digit of (63/35)/(2/o)?
9
Let m = -12 - -5. Let g = m + 12. What is the units digit of g?
5
Suppose -66 = -2*l - 4*q, 3*l - 12 - 78 = 3*q. What is the tens digit of l?
3
Let r = 7 - 9. Let h be r/(-3) - (-112)/21. Suppose 0 = -5*n + 5*f + 10, n - 4*f - h = -1. What is the units digit of n?
1
Let k(x) = -x**2 + 2*x + 3. Let b be 3/(-6) + (-9)/(-2). Let z be k(b). What is the units digit of (-19)/(-5) + (-1)/z?
4
Suppose -19 - 7 = -2*x. Let r = x + -11. What is the units digit of r?
2
What is the units digit of ((-7)/5)/((-2)/10)?
7
Suppose -78 = -2*h - 2*w, 174 = 5*h + 4*w - 20. What is the tens digit of h?
3
Let q(l) = -l**3 - 7*l**2 - 5*l - 4. Suppose 16 = -2*d + 4. Let o be q(d). Let x = -3 - o. What is the units digit of x?
7
Let b(z) = -9*z**3 - 2*z - 2. What is the units digit of b(-2)?
4
Let s = 3 + -3. Suppose 9 + s = n. What is the units digit of n?
9
Suppose 3*v + 3 - 12 = 2*x, 3*v - 15 = 4*x. Suppose -7*l + 25 - 11 = 0. What is the units digit of (x/2)/(l/(-4))?
3
Let p(q) = -q**3 - 3*q**2 - q - 1. Let m be p(-3). Let r be (-3)/(m*2/8). Let z = 23 + r. What is the tens digit of z?
1
Let f = 70 - -7. What is the tens digit of f?
7
Let a(g) = -g**3 + 3*g**2 + 2*g - 4. Let i be a(3). Let f = 9 + i. Let y = f + 1. What is the tens digit of y?
1
Let r = -7 + 10. What is the units digit of (-2)/(1/(r + -9))?
2
Let l = 30 - 6. Suppose 2*z - 28 = -4*f, -2*f - z = 2*f - l. Let d = 7 - f. What is the units digit of d?
2
Let w = 10 + -6. Let y = 2 - 0. Suppose 26 = w*x - y. What is the units digit of x?
7
Suppose -y + 6*y - 2